{"id":24,"date":"2014-08-29T17:05:03","date_gmt":"2014-08-29T17:05:03","guid":{"rendered":"http:\/\/hotelsantoandre.com\/?page_id=24"},"modified":"2021-04-16T08:13:00","modified_gmt":"2021-04-16T08:13:00","slug":"qren","status":"publish","type":"page","link":"https:\/\/hotelsantoandre.com\/?page_id=24","title":{"rendered":"QREN"},"content":{"rendered":"<p>Investment project co-financed by the financial incentives\u00a0&#8220;QREN&#8221; that aimed to modernize the Santo Andr\u00e9 Inn, namely, its conversion to a 4-star Hotel. RNET 1667<\/p>\n<p>Aiming to continuously improve our services, this project provided Hotel Santo Andr\u00e9 with various infrastructures and equipments to make the new 4-star Hotel stand out in its region.<\/p>\n<p>Incentive: &#8220;Sistema de Incentivos \u00e0 Inova\u00e7\u00e3o&#8221;<\/p>\n<p>Elegible Investment: 1.557.010,28 Euros<\/p>\n<p>EU Financing: 1.167.757,71 Euros<\/p>\n<p>&nbsp;<\/p>\n<p><a href=\"http:\/\/hotelsantoandre.com\/wp-content\/uploads\/2014\/08\/qren-copy.jpg\"><img class=\"alignright size-full wp-image-134\" src=\"http:\/\/hotelsantoandre.com\/wp-content\/uploads\/2014\/10\/qren-copy_614.jpg\" alt=\"qren copy\" \/><\/a><\/p>\n","protected":false},"excerpt":{"rendered":"<p>Investment project co-financed by the financial incentives\u00a0&#8220;QREN&#8221; that aimed to modernize the Santo Andr\u00e9 Inn, namely, its conversion to a 4-star Hotel. RNET 1667 Aiming to continuously improve our services, this project provided Hotel Santo Andr\u00e9 with various infrastructures and equipments to make the new 4-star Hotel stand out in its region. Incentive: &#8220;Sistema de<\/p>\n","protected":false},"author":1,"featured_media":0,"parent":0,"menu_order":0,"comment_status":"closed","ping_status":"closed","template":"page-templates\/template-right-sidebar.php","meta":[],"_links":{"self":[{"href":"https:\/\/hotelsantoandre.com\/index.php?rest_route=\/wp\/v2\/pages\/24"}],"collection":[{"href":"https:\/\/hotelsantoandre.com\/index.php?rest_route=\/wp\/v2\/pages"}],"about":[{"href":"https:\/\/hotelsantoandre.com\/index.php?rest_route=\/wp\/v2\/types\/page"}],"author":[{"embeddable":true,"href":"https:\/\/hotelsantoandre.com\/index.php?rest_route=\/wp\/v2\/users\/1"}],"replies":[{"embeddable":true,"href":"https:\/\/hotelsantoandre.com\/index.php?rest_route=%2Fwp%2Fv2%2Fcomments&post=24"}],"version-history":[{"count":7,"href":"https:\/\/hotelsantoandre.com\/index.php?rest_route=\/wp\/v2\/pages\/24\/revisions"}],"predecessor-version":[{"id":1297,"href":"https:\/\/hotelsantoandre.com\/index.php?rest_route=\/wp\/v2\/pages\/24\/revisions\/1297"}],"wp:attachment":[{"href":"https:\/\/hotelsantoandre.com\/index.php?rest_route=%2Fwp%2Fv2%2Fmedia&parent=24"}],"curies":[{"name":"wp","href":"https:\/\/api.w.org\/{rel}","templated":true}]}}